7.
143
What is the highest common divisor of 516 and 138?
6
Calculate the highest common divisor of 455 and 65.
65
Calculate the highest common divisor of 232 and 58232.
232
What is the greatest common factor of 105 and 147?
21
Calculate the highest common divisor of 95 and 76.
19
What is the greatest common factor of 14 and 175?
7
What is the greatest common factor of 4071 and 1593?
177
What is the greatest common divisor of 32 and 1312?
32
Calculate the greatest common divisor of 81 and 432.
27
Calculate the greatest common divisor of 20 and 2540.
20
What is the greatest common divisor of 105080 and 20?
20
What is the greatest common divisor of 684 and 24?
12
What is the greatest common divisor of 253 and 46?
23
Calculate the highest common divisor of 221 and 195.
13
Calculate the greatest common divisor of 1727 and 22.
11
What is the greatest common divisor of 1450 and 775?
25
Calculate the greatest common divisor of 290 and 1334.
58
Calculate the greatest common divisor of 160 and 560.
80
What is the greatest common divisor of 20 and 180?
20
Calculate the highest common divisor of 14 and 112.
14
Calculate the highest common factor of 102 and 204.
102
What is the greatest common factor of 960 and 4360?
40
Calculate the greatest common factor of 363 and 3729.
33
What is the highest common factor of 21 and 1806?
21
What is the greatest common factor of 1133 and 11?
11
Calculate the greatest common divisor of 7 and 77.
7
Calculate the highest common divisor of 94 and 5734.
94
Calculate the highest common divisor of 100 and 160.
20
Calculate the greatest common divisor of 438 and 1168.
146
Calculate the greatest common divisor of 80 and 920.
40
What is the highest common divisor of 40 and 295?
5
What is the highest common factor of 2225 and 1075?
25
What is the highest common divisor of 8929 and 1?
1
Calculate the highest common factor of 3 and 96.
3
What is the highest common factor of 464 and 32?
16
Calculate the highest common factor of 288 and 612.
36
What is the highest common divisor of 42 and 2562?
42
What is the greatest common divisor of 1843 and 76?
19
Calculate the greatest common divisor of 32 and 88.
8
Calculate the highest common divisor of 1364 and 372.
124
Calculate the greatest common divisor of 3590 and 20.
10
Calculate the greatest common divisor of 110 and 45.
5
Calculate the greatest common divisor of 49 and 35917.
49
What is the greatest common divisor of 40 and 60?
20
What is the highest common divisor of 11 and 748?
11
Calculate the highest common divisor of 1 and 1.
1
Calculate the highest common factor of 396 and 176.
44
Calculate the greatest common divisor of 20 and 590.
10
Calculate the greatest common factor of 72 and 408.
24
What is the greatest common divisor of 1202 and 4?
2
What is the highest common factor of 26 and 52?
26
Calculate the highest common divisor of 150 and 540.
30
Calculate the highest common factor of 324 and 22518.
162
What is the highest common divisor of 9 and 3309?
3
What is the greatest common factor of 2585 and 110?
55
What is the greatest common factor of 160 and 10?
10
What is the greatest common divisor of 933 and 3?
3
Calculate the highest common divisor of 32 and 8.
8
Calculate the highest common divisor of 30 and 480.
30
Calculate the greatest common factor of 2884 and 56.
28
What is the highest common factor of 116 and 9164?
116
What is the highest common divisor of 2675 and 856?
107
Calculate the greatest common factor of 225 and 45.
45
What is the highest common divisor of 304 and 48?
16
What is the highest common factor of 1507 and 33?
11
Calculate the highest common factor of 49 and 1.
1
Calculate the highest common divisor of 1215 and 270.
135
Calculate the greatest common divisor of 13 and 3094.
13
Calculate the highest common divisor of 38 and 19.
19
Calculate the highest common divisor of 831 and 9.
3
What is the highest common factor of 480 and 30?
30
What is the greatest common divisor of 42 and 6?
6
What is the greatest common divisor of 20 and 100?
20
What is the greatest common divisor of 20 and 140?
20
Calculate the highest common divisor of 361 and 19.
19
Calculate the greatest common divisor of 414 and 46.
46
Calculate the highest common factor of 126 and 3114.
18
Calculate the highest common divisor of 856 and 3959.
107
What is the highest common divisor of 200 and 2300?
100
Calculate the highest common divisor of 2 and 14.
2
What is the greatest common divisor of 425 and 680?
85
Calculate the greatest common divisor of 50 and 225.
25
Calculate the greatest common divisor of 1 and 67.
1
What is the highest common divisor of 1120 and 700?
140
What is the highest common factor of 1344 and 42?
42
What is the highest common factor of 1364 and 44?
44
Calculate the highest common factor of 168 and 105.
21
What is the highest common divisor of 6748 and 28?
28
What is the highest common factor of 336 and 1140?
12
What is the greatest common factor of 10483 and 22?
11
Calculate the highest common divisor of 649 and 236.
59
Calculate the highest common factor of 2088 and 928.
232
What is the highest common divisor of 52 and 65?
13
What is the highest common factor of 7384 and 13?
13
What is the greatest common factor of 15 and 144?
3
Calculate the highest common factor of 14 and 749.
7
Calculate the greatest common divisor of 184 and 25208.
184
What is the highest common factor of 994 and 14?
14
What is the greatest common factor of 143 and 22?
11
What is the highest common divisor of 120 and 144?
24
What is the greatest common divisor of 7 and 259?
7
Calculate the greatest common divisor of 11 and 88.
11
What is the highest common factor of 186 and 162?
6
What is the highest common divisor of 63 and 147?
21
What is the greatest common factor of 263 and 2?
1
Calculate the greatest common factor of 9 and 288.
9
Calculate the highest common divisor of 6000 and 48.
48
What is the greatest common divisor of 19 and 1159?
19
What is the greatest common divisor of 170 and 50?
10
What is the highest common divisor of 59 and 1888?
59
Calculate the highest common factor of 4144 and 112.
112
Calculate the highest common divisor of 372 and 42.
6
Calculate the greatest common divisor of 360 and 48.
24
Calculate the highest common factor of 9143 and 287.
41
What is the greatest common divisor of 995 and 15?
5
Calculate the highest common factor of 153 and 425.
17
Calculate the highest common divisor of 856 and 16.
8
Calculate the greatest common divisor of 140 and 50.
10
Calculate the highest common factor of 114 and 38.
38
Calculate the highest common divisor of 204 and 476.
68
What is the highest common divisor of 90 and 162?
18
What is the highest common factor of 84 and 636?
12
What is the highest common divisor of 105 and 1554?
21
What is the greatest common divisor of 198 and 14?
2
What is the greatest common divisor of 17631 and 54?
27
Calculate the greatest common divisor of 155 and 217.
31
What is the highest common divisor of 2415 and 21?
21
What is the highest common factor of 120 and 440?
40
What is the highest common divisor of 1397 and 22?
11
Calculate the greatest common factor of 15 and 1165.
5
Calculate the highest common divisor of 6130 and 10.
10
What is the greatest common divisor of 243 and 54?
27
Calculate the highest common divisor of 60 and 920.
20
Calculate the highest common divisor of 3280 and 5125.
205
What is the highest common factor of 5496 and 18?
6
Calculate the highest common divisor of 6 and 249.
3
Calculate the greatest common factor of 26 and 52.
26
What is the highest common divisor of 72 and 2496?
24
What is the greatest common divisor of 612 and 234?
18
What is the greatest common factor of 602 and 14?
14
Calculate the greatest common divisor of 2 and 22.
2
Calculate the highest common divisor of 254 and 6.
2
What is the greatest common factor of 424 and 159?
53
What is the greatest common divisor of 375 and 15?
15
Calculate the greatest common divisor of 180 and 396.
36
What is the highest common factor of 742 and 954?
106
What is the greatest common factor of 4117 and 358?
179
Calculate the greatest common factor of 1204 and 2996.
28
What is the highest common factor of 64 and 184?
8
Calculate the highest common factor of 170 and 40.
10
What i